{"id":1535,"date":"2018-07-17T14:45:20","date_gmt":"2018-07-17T14:45:20","guid":{"rendered":"https:\/\/www.sislibilgisayarci.com\/?post_type=product&#038;p=1535"},"modified":"2024-04-06T09:13:45","modified_gmt":"2024-04-06T09:13:45","slug":"13nb00k1am0311-13n0-p9a0331-asus-n550-alt-kasa","status":"publish","type":"product","link":"http:\/\/www.sislibilgisayarci.com\/?product=13nb00k1am0311-13n0-p9a0331-asus-n550-alt-kasa","title":{"rendered":"13NB00K1AM0311 13N0-P9A0331 ASUS N550 Alt Kasa"},"content":{"rendered":"<p>Asus G550 G550JK G550JX<\/p>\n<p>ASUS N550 N550JK N550J N550JV<\/p>\n<p>&nbsp;<\/p>\n<p>&nbsp;<\/p>\n<p>\u00dcr\u00fcn ikinci eldir.<\/p>\n<p>Kargo \u00fccreti al\u0131c\u0131ya aittir.<\/p>\n<p>&nbsp;<\/p>\n<p>&nbsp;<\/p>\n","protected":false},"excerpt":{"rendered":"<p>Asus G550 G550JK G550JX ASUS N550 N550JK N550J N550JV &nbsp; &nbsp; \u00dcr\u00fcn ikinci eldir. Kargo \u00fccreti al\u0131c\u0131ya aittir. &nbsp; &nbsp;<\/p>\n","protected":false},"featured_media":1536,"template":"","meta":[],"product_cat":[27],"product_tag":[1424],"_links":{"self":[{"href":"http:\/\/www.sislibilgisayarci.com\/index.php?rest_route=\/wp\/v2\/product\/1535"}],"collection":[{"href":"http:\/\/www.sislibilgisayarci.com\/index.php?rest_route=\/wp\/v2\/product"}],"about":[{"href":"http:\/\/www.sislibilgisayarci.com\/index.php?rest_route=\/wp\/v2\/types\/product"}],"wp:featuredmedia":[{"embeddable":true,"href":"http:\/\/www.sislibilgisayarci.com\/index.php?rest_route=\/wp\/v2\/media\/1536"}],"wp:attachment":[{"href":"http:\/\/www.sislibilgisayarci.com\/index.php?rest_route=%2Fwp%2Fv2%2Fmedia&parent=1535"}],"wp:term":[{"taxonomy":"product_cat","embeddable":true,"href":"http:\/\/www.sislibilgisayarci.com\/index.php?rest_route=%2Fwp%2Fv2%2Fproduct_cat&post=1535"},{"taxonomy":"product_tag","embeddable":true,"href":"http:\/\/www.sislibilgisayarci.com\/index.php?rest_route=%2Fwp%2Fv2%2Fproduct_tag&post=1535"}],"curies":[{"name":"wp","href":"https:\/\/api.w.org\/{rel}","templated":true}]}}