{"id":272,"date":"2017-01-16T09:29:44","date_gmt":"2017-01-16T09:29:44","guid":{"rendered":"https:\/\/www.sislibilgisayarci.com\/?product=100619769-rev-a-pcb-laptop-harddisk-karti"},"modified":"2024-04-06T09:14:52","modified_gmt":"2024-04-06T09:14:52","slug":"100619769-rev-a-pcb-laptop-harddisk-karti","status":"publish","type":"product","link":"http:\/\/www.sislibilgisayarci.com\/?product=100619769-rev-a-pcb-laptop-harddisk-karti","title":{"rendered":"100619769 Rev A PCB Laptop Harddisk Kart\u0131"},"content":{"rendered":"<p>\u00dcr\u00fcn ikinci eldir.<\/p>\n<p>Kargo m\u00fc\u015fteriye aittir.<\/p>\n<p>ST9750422AS 9RW14G-566 0001BSM1 9766 E 100619769 REV A 2.5&#8221; SATA HDD PCB<\/p>\n","protected":false},"excerpt":{"rendered":"<p>\u00dcr\u00fcn ikinci eldir. Kargo m\u00fc\u015fteriye aittir. ST9750422AS 9RW14G-566 0001BSM1 9766 E 100619769 REV A 2.5&#8221; SATA HDD PCB<\/p>\n","protected":false},"featured_media":252,"template":"","meta":[],"product_cat":[36],"product_tag":[167,152,168,166,169,170,131,165],"_links":{"self":[{"href":"http:\/\/www.sislibilgisayarci.com\/index.php?rest_route=\/wp\/v2\/product\/272"}],"collection":[{"href":"http:\/\/www.sislibilgisayarci.com\/index.php?rest_route=\/wp\/v2\/product"}],"about":[{"href":"http:\/\/www.sislibilgisayarci.com\/index.php?rest_route=\/wp\/v2\/types\/product"}],"wp:featuredmedia":[{"embeddable":true,"href":"http:\/\/www.sislibilgisayarci.com\/index.php?rest_route=\/wp\/v2\/media\/252"}],"wp:attachment":[{"href":"http:\/\/www.sislibilgisayarci.com\/index.php?rest_route=%2Fwp%2Fv2%2Fmedia&parent=272"}],"wp:term":[{"taxonomy":"product_cat","embeddable":true,"href":"http:\/\/www.sislibilgisayarci.com\/index.php?rest_route=%2Fwp%2Fv2%2Fproduct_cat&post=272"},{"taxonomy":"product_tag","embeddable":true,"href":"http:\/\/www.sislibilgisayarci.com\/index.php?rest_route=%2Fwp%2Fv2%2Fproduct_tag&post=272"}],"curies":[{"name":"wp","href":"https:\/\/api.w.org\/{rel}","templated":true}]}}