{"id":333,"date":"2017-01-23T11:12:27","date_gmt":"2017-01-23T11:12:27","guid":{"rendered":"https:\/\/www.sislibilgisayarci.com\/?product=lenovo-g570-ust-kasa"},"modified":"2024-04-06T09:14:49","modified_gmt":"2024-04-06T09:14:49","slug":"lenovo-g570-ust-kasa","status":"publish","type":"product","link":"http:\/\/www.sislibilgisayarci.com\/?product=lenovo-g570-ust-kasa","title":{"rendered":"Lenovo G570 \u00dcst Kasa"},"content":{"rendered":"<p>\u00dcr\u00fcn 2. Eldir.<\/p>\n<p>Kargo m\u00fc\u015fteriye aittir.<\/p>\n<p>Lenovo Ideapad G570-G575<\/p>\n<p>\u00dcst kasa<\/p>\n<p>D\u0131\u015f g\u00f6r\u00fcn\u00fcm\u00fc temizdir.<\/p>\n","protected":false},"excerpt":{"rendered":"<p>\u00dcr\u00fcn 2. Eldir. Kargo m\u00fc\u015fteriye aittir. Lenovo Ideapad G570-G575 \u00dcst kasa D\u0131\u015f g\u00f6r\u00fcn\u00fcm\u00fc temizdir.<\/p>\n","protected":false},"featured_media":334,"template":"","meta":[],"product_cat":[213],"product_tag":[255,256,47,70,216],"_links":{"self":[{"href":"http:\/\/www.sislibilgisayarci.com\/index.php?rest_route=\/wp\/v2\/product\/333"}],"collection":[{"href":"http:\/\/www.sislibilgisayarci.com\/index.php?rest_route=\/wp\/v2\/product"}],"about":[{"href":"http:\/\/www.sislibilgisayarci.com\/index.php?rest_route=\/wp\/v2\/types\/product"}],"wp:featuredmedia":[{"embeddable":true,"href":"http:\/\/www.sislibilgisayarci.com\/index.php?rest_route=\/wp\/v2\/media\/334"}],"wp:attachment":[{"href":"http:\/\/www.sislibilgisayarci.com\/index.php?rest_route=%2Fwp%2Fv2%2Fmedia&parent=333"}],"wp:term":[{"taxonomy":"product_cat","embeddable":true,"href":"http:\/\/www.sislibilgisayarci.com\/index.php?rest_route=%2Fwp%2Fv2%2Fproduct_cat&post=333"},{"taxonomy":"product_tag","embeddable":true,"href":"http:\/\/www.sislibilgisayarci.com\/index.php?rest_route=%2Fwp%2Fv2%2Fproduct_tag&post=333"}],"curies":[{"name":"wp","href":"https:\/\/api.w.org\/{rel}","templated":true}]}}