{"id":346,"date":"2017-01-23T12:39:19","date_gmt":"2017-01-23T12:39:19","guid":{"rendered":"https:\/\/www.sislibilgisayarci.com\/?product=lenovo-g550-ust-kasa"},"modified":"2024-04-06T09:14:48","modified_gmt":"2024-04-06T09:14:48","slug":"lenovo-g550-ust-kasa","status":"publish","type":"product","link":"http:\/\/www.sislibilgisayarci.com\/?product=lenovo-g550-ust-kasa","title":{"rendered":"LENOVO G550 Ekran Cover"},"content":{"rendered":"<p>\u00dcr\u00fcn 2. Eldir.<\/p>\n<p>Kargo m\u00fc\u015fteriye aittir.<\/p>\n<p>Lenovo Ideapad G550<\/p>\n<p>Ekran Cover<\/p>\n<p>Ekran\u0131n \u00fczerinde kameras\u0131 da vard\u0131r. Temiz vaziyettedir. K\u00f6\u015fe k\u0131s\u0131mlar\u0131nda boya kayb\u0131 olmas\u0131na ra\u011fmen di\u011fer k\u0131s\u0131mlar\u0131nda g\u00f6zle zor g\u00f6r\u00fcl\u00fcr \u00e7izikler mevcuttur.<\/p>\n<p>&nbsp;<\/p>\n","protected":false},"excerpt":{"rendered":"<p>\u00dcr\u00fcn 2. Eldir. Kargo m\u00fc\u015fteriye aittir. Lenovo Ideapad G550 Ekran Cover Ekran\u0131n \u00fczerinde kameras\u0131 da vard\u0131r. Temiz vaziyettedir. K\u00f6\u015fe k\u0131s\u0131mlar\u0131nda boya kayb\u0131 olmas\u0131na ra\u011fmen di\u011fer k\u0131s\u0131mlar\u0131nda g\u00f6zle zor g\u00f6r\u00fcl\u00fcr \u00e7izikler mevcuttur. &nbsp;<\/p>\n","protected":false},"featured_media":342,"template":"","meta":[],"product_cat":[213],"product_tag":[265,47,70,216],"_links":{"self":[{"href":"http:\/\/www.sislibilgisayarci.com\/index.php?rest_route=\/wp\/v2\/product\/346"}],"collection":[{"href":"http:\/\/www.sislibilgisayarci.com\/index.php?rest_route=\/wp\/v2\/product"}],"about":[{"href":"http:\/\/www.sislibilgisayarci.com\/index.php?rest_route=\/wp\/v2\/types\/product"}],"wp:featuredmedia":[{"embeddable":true,"href":"http:\/\/www.sislibilgisayarci.com\/index.php?rest_route=\/wp\/v2\/media\/342"}],"wp:attachment":[{"href":"http:\/\/www.sislibilgisayarci.com\/index.php?rest_route=%2Fwp%2Fv2%2Fmedia&parent=346"}],"wp:term":[{"taxonomy":"product_cat","embeddable":true,"href":"http:\/\/www.sislibilgisayarci.com\/index.php?rest_route=%2Fwp%2Fv2%2Fproduct_cat&post=346"},{"taxonomy":"product_tag","embeddable":true,"href":"http:\/\/www.sislibilgisayarci.com\/index.php?rest_route=%2Fwp%2Fv2%2Fproduct_tag&post=346"}],"curies":[{"name":"wp","href":"https:\/\/api.w.org\/{rel}","templated":true}]}}