{"id":354,"date":"2017-01-23T13:44:25","date_gmt":"2017-01-23T13:44:25","guid":{"rendered":"https:\/\/www.sislibilgisayarci.com\/?product=hp-dv9378ea-alt-kasa"},"modified":"2024-04-06T09:14:48","modified_gmt":"2024-04-06T09:14:48","slug":"hp-dv9378ea-alt-kasa","status":"publish","type":"product","link":"http:\/\/www.sislibilgisayarci.com\/?product=hp-dv9378ea-alt-kasa","title":{"rendered":"HP DV9378ea Alt Kasa"},"content":{"rendered":"<p>\u00dcr\u00fcn 2. Eldir.<\/p>\n<p>Kargo m\u00fc\u015fteriye aittir.<\/p>\n<p>Alt kasada kapaklar mevcut de\u011fildir. Ya\u015f\u0131na g\u00f6re temiz bir haldedir.<\/p>\n<p>&nbsp;<\/p>\n","protected":false},"excerpt":{"rendered":"<p>\u00dcr\u00fcn 2. Eldir. Kargo m\u00fc\u015fteriye aittir. Alt kasada kapaklar mevcut de\u011fildir. Ya\u015f\u0131na g\u00f6re temiz bir haldedir. &nbsp;<\/p>\n","protected":false},"featured_media":356,"template":"","meta":[],"product_cat":[27],"product_tag":[46,274,273,77,47],"_links":{"self":[{"href":"http:\/\/www.sislibilgisayarci.com\/index.php?rest_route=\/wp\/v2\/product\/354"}],"collection":[{"href":"http:\/\/www.sislibilgisayarci.com\/index.php?rest_route=\/wp\/v2\/product"}],"about":[{"href":"http:\/\/www.sislibilgisayarci.com\/index.php?rest_route=\/wp\/v2\/types\/product"}],"wp:featuredmedia":[{"embeddable":true,"href":"http:\/\/www.sislibilgisayarci.com\/index.php?rest_route=\/wp\/v2\/media\/356"}],"wp:attachment":[{"href":"http:\/\/www.sislibilgisayarci.com\/index.php?rest_route=%2Fwp%2Fv2%2Fmedia&parent=354"}],"wp:term":[{"taxonomy":"product_cat","embeddable":true,"href":"http:\/\/www.sislibilgisayarci.com\/index.php?rest_route=%2Fwp%2Fv2%2Fproduct_cat&post=354"},{"taxonomy":"product_tag","embeddable":true,"href":"http:\/\/www.sislibilgisayarci.com\/index.php?rest_route=%2Fwp%2Fv2%2Fproduct_tag&post=354"}],"curies":[{"name":"wp","href":"https:\/\/api.w.org\/{rel}","templated":true}]}}