{"id":481,"date":"2017-02-04T13:34:23","date_gmt":"2017-02-04T13:34:23","guid":{"rendered":"https:\/\/www.sislibilgisayarci.com\/?product=toshiba-satellite-a200-a205-ust-kasa"},"modified":"2024-04-06T09:14:43","modified_gmt":"2024-04-06T09:14:43","slug":"toshiba-satellite-a200-a205-ust-kasa","status":"publish","type":"product","link":"http:\/\/www.sislibilgisayarci.com\/?product=toshiba-satellite-a200-a205-ust-kasa","title":{"rendered":"Toshiba Satellite A200 &#8211; A205 \u00dcst Kasa"},"content":{"rendered":"<p>\u00dcr\u00fcn 2. eldir.<\/p>\n<p>Kargo \u00fccreti m\u00fc\u015fteriye aittir.<\/p>\n<p>\u0130\u015flevinde s\u0131k\u0131nt\u0131 yoktur, sa\u011f ve sol taraflar\u0131 resimlerdeki \u015fekilde y\u0131pranm\u0131\u015ft\u0131r<\/p>\n","protected":false},"excerpt":{"rendered":"<p>\u00dcr\u00fcn 2. eldir. Kargo \u00fccreti m\u00fc\u015fteriye aittir. \u0130\u015flevinde s\u0131k\u0131nt\u0131 yoktur, sa\u011f ve sol taraflar\u0131 resimlerdeki \u015fekilde y\u0131pranm\u0131\u015ft\u0131r<\/p>\n","protected":false},"featured_media":448,"template":"","meta":[],"product_cat":[213],"product_tag":[405,406,407,408,370,47,50,69,216],"_links":{"self":[{"href":"http:\/\/www.sislibilgisayarci.com\/index.php?rest_route=\/wp\/v2\/product\/481"}],"collection":[{"href":"http:\/\/www.sislibilgisayarci.com\/index.php?rest_route=\/wp\/v2\/product"}],"about":[{"href":"http:\/\/www.sislibilgisayarci.com\/index.php?rest_route=\/wp\/v2\/types\/product"}],"wp:featuredmedia":[{"embeddable":true,"href":"http:\/\/www.sislibilgisayarci.com\/index.php?rest_route=\/wp\/v2\/media\/448"}],"wp:attachment":[{"href":"http:\/\/www.sislibilgisayarci.com\/index.php?rest_route=%2Fwp%2Fv2%2Fmedia&parent=481"}],"wp:term":[{"taxonomy":"product_cat","embeddable":true,"href":"http:\/\/www.sislibilgisayarci.com\/index.php?rest_route=%2Fwp%2Fv2%2Fproduct_cat&post=481"},{"taxonomy":"product_tag","embeddable":true,"href":"http:\/\/www.sislibilgisayarci.com\/index.php?rest_route=%2Fwp%2Fv2%2Fproduct_tag&post=481"}],"curies":[{"name":"wp","href":"https:\/\/api.w.org\/{rel}","templated":true}]}}