{"id":516,"date":"2017-02-08T11:27:21","date_gmt":"2017-02-08T11:27:21","guid":{"rendered":"https:\/\/www.sislibilgisayarci.com\/?product=hp-dv6000-dv6500-dv6700-power-button-switch-board-33at3bb0017-daat8ath8b6"},"modified":"2024-04-06T09:14:40","modified_gmt":"2024-04-06T09:14:40","slug":"hp-dv6000-dv6500-dv6700-power-button-switch-board-33at3bb0017-daat8ath8b6","status":"publish","type":"product","link":"http:\/\/www.sislibilgisayarci.com\/?product=hp-dv6000-dv6500-dv6700-power-button-switch-board-33at3bb0017-daat8ath8b6","title":{"rendered":"Hp Dv6000 Dv6500 Dv6700 Power Button Switch Board 33at3bb0017 \/ Daat8ath8b6"},"content":{"rendered":"<p>\u00dcr\u00fcn 2. eldir.<\/p>\n<p>Kargo \u00fccreti\u00a0al\u0131c\u0131ya aittir.<\/p>\n<p>2\u00a0ad. mevcut<\/p>\n","protected":false},"excerpt":{"rendered":"<p>\u00dcr\u00fcn 2. eldir. Kargo \u00fccreti\u00a0al\u0131c\u0131ya aittir. 2\u00a0ad. mevcut<\/p>\n","protected":false},"featured_media":517,"template":"","meta":[],"product_cat":[36],"product_tag":[463,59,421,464,205,208,461,77,228,462],"_links":{"self":[{"href":"http:\/\/www.sislibilgisayarci.com\/index.php?rest_route=\/wp\/v2\/product\/516"}],"collection":[{"href":"http:\/\/www.sislibilgisayarci.com\/index.php?rest_route=\/wp\/v2\/product"}],"about":[{"href":"http:\/\/www.sislibilgisayarci.com\/index.php?rest_route=\/wp\/v2\/types\/product"}],"wp:featuredmedia":[{"embeddable":true,"href":"http:\/\/www.sislibilgisayarci.com\/index.php?rest_route=\/wp\/v2\/media\/517"}],"wp:attachment":[{"href":"http:\/\/www.sislibilgisayarci.com\/index.php?rest_route=%2Fwp%2Fv2%2Fmedia&parent=516"}],"wp:term":[{"taxonomy":"product_cat","embeddable":true,"href":"http:\/\/www.sislibilgisayarci.com\/index.php?rest_route=%2Fwp%2Fv2%2Fproduct_cat&post=516"},{"taxonomy":"product_tag","embeddable":true,"href":"http:\/\/www.sislibilgisayarci.com\/index.php?rest_route=%2Fwp%2Fv2%2Fproduct_tag&post=516"}],"curies":[{"name":"wp","href":"https:\/\/api.w.org\/{rel}","templated":true}]}}