{"id":677,"date":"2017-02-13T14:00:24","date_gmt":"2017-02-13T14:00:24","guid":{"rendered":"https:\/\/www.sislibilgisayarci.com\/?product=apple-macbook-pro-a1278-core-2-duo-ust-kasa-klavye-orjinal"},"modified":"2024-04-06T09:14:30","modified_gmt":"2024-04-06T09:14:30","slug":"apple-macbook-pro-a1278-core-2-duo-ust-kasa-klavye-orjinal","status":"publish","type":"product","link":"http:\/\/www.sislibilgisayarci.com\/?product=apple-macbook-pro-a1278-core-2-duo-ust-kasa-klavye-orjinal","title":{"rendered":"APPLE MACBOOK PRO A1278 CORE 2 DUO \u00dcST KASA ORJ\u0130NAL (Klavyesiz)"},"content":{"rendered":"<p>\u00dcr\u00fcn 2. eldir.<\/p>\n<p>Kargo \u00fccreti m\u00fc\u015fteriye aittir.<\/p>\n<p>&nbsp;<\/p>\n<p>&nbsp;<\/p>\n","protected":false},"excerpt":{"rendered":"<p>\u00dcr\u00fcn 2. eldir. Kargo \u00fccreti m\u00fc\u015fteriye aittir. &nbsp; &nbsp;<\/p>\n","protected":false},"featured_media":678,"template":"","meta":[],"product_cat":[213],"product_tag":[656,653,657,47,52,654,569,655,216],"_links":{"self":[{"href":"http:\/\/www.sislibilgisayarci.com\/index.php?rest_route=\/wp\/v2\/product\/677"}],"collection":[{"href":"http:\/\/www.sislibilgisayarci.com\/index.php?rest_route=\/wp\/v2\/product"}],"about":[{"href":"http:\/\/www.sislibilgisayarci.com\/index.php?rest_route=\/wp\/v2\/types\/product"}],"wp:featuredmedia":[{"embeddable":true,"href":"http:\/\/www.sislibilgisayarci.com\/index.php?rest_route=\/wp\/v2\/media\/678"}],"wp:attachment":[{"href":"http:\/\/www.sislibilgisayarci.com\/index.php?rest_route=%2Fwp%2Fv2%2Fmedia&parent=677"}],"wp:term":[{"taxonomy":"product_cat","embeddable":true,"href":"http:\/\/www.sislibilgisayarci.com\/index.php?rest_route=%2Fwp%2Fv2%2Fproduct_cat&post=677"},{"taxonomy":"product_tag","embeddable":true,"href":"http:\/\/www.sislibilgisayarci.com\/index.php?rest_route=%2Fwp%2Fv2%2Fproduct_tag&post=677"}],"curies":[{"name":"wp","href":"https:\/\/api.w.org\/{rel}","templated":true}]}}