{"id":780,"date":"2017-03-01T11:46:13","date_gmt":"2017-03-01T11:46:13","guid":{"rendered":"https:\/\/www.sislibilgisayarci.com\/?product=acer-5570-5070-5050-3680-ust-kasa-eazr1002014"},"modified":"2024-04-06T09:14:22","modified_gmt":"2024-04-06T09:14:22","slug":"acer-5570-5070-5050-3680-ust-kasa-eazr1002014","status":"publish","type":"product","link":"http:\/\/www.sislibilgisayarci.com\/?product=acer-5570-5070-5050-3680-ust-kasa-eazr1002014","title":{"rendered":"Acer 5570, 5070, 5050 3680 \u00dcst Kasa EAZR1002014"},"content":{"rendered":"<p>\u00dcr\u00fcn ikinci eldir.<\/p>\n<p>Kargo m\u00fc\u015fteriye aittir.<\/p>\n<table class=\"UrunOzellikleriTablosu\" width=\"352\">\n<tbody>\n<tr>\n<td align=\"left\" width=\"100\">Renk Solmalar\u0131 Var.. Touchpad Dahil<\/td>\n<\/tr>\n<tr>\n<td colspan=\"2\" align=\"left\" width=\"100\">Acer 5570, 5070, 5050 3680 \u00dcst Kasa EAZR1002014<\/td>\n<\/tr>\n<\/tbody>\n<\/table>\n<h3><u>Uyumlu \u00dcr\u00fcn Kodu:<\/u><\/h3>\n<p>EAZR1002014<\/p>\n<p>TSA39ZR1TAT<\/p>\n<h3><u>Uyumlu Modeller:<\/u><\/h3>\n<p>ACER Aspire 5570<\/p>\n<p>ACER Aspire 5070<\/p>\n<p>ACER Aspire 5050<\/p>\n<p>ACER Aspire 3680<\/p>\n","protected":false},"excerpt":{"rendered":"<p>\u00dcr\u00fcn ikinci eldir. Kargo m\u00fc\u015fteriye aittir. Renk Solmalar\u0131 Var.. Touchpad Dahil Acer 5570, 5070, 5050 3680 \u00dcst Kasa EAZR1002014 Uyumlu \u00dcr\u00fcn Kodu: EAZR1002014 TSA39ZR1TAT Uyumlu Modeller: ACER Aspire 5570 ACER Aspire 5070 ACER Aspire 5050 ACER Aspire 3680<\/p>\n","protected":false},"featured_media":792,"template":"","meta":[],"product_cat":[213],"product_tag":[772,771,770,769,508,773,47,216],"_links":{"self":[{"href":"http:\/\/www.sislibilgisayarci.com\/index.php?rest_route=\/wp\/v2\/product\/780"}],"collection":[{"href":"http:\/\/www.sislibilgisayarci.com\/index.php?rest_route=\/wp\/v2\/product"}],"about":[{"href":"http:\/\/www.sislibilgisayarci.com\/index.php?rest_route=\/wp\/v2\/types\/product"}],"wp:featuredmedia":[{"embeddable":true,"href":"http:\/\/www.sislibilgisayarci.com\/index.php?rest_route=\/wp\/v2\/media\/792"}],"wp:attachment":[{"href":"http:\/\/www.sislibilgisayarci.com\/index.php?rest_route=%2Fwp%2Fv2%2Fmedia&parent=780"}],"wp:term":[{"taxonomy":"product_cat","embeddable":true,"href":"http:\/\/www.sislibilgisayarci.com\/index.php?rest_route=%2Fwp%2Fv2%2Fproduct_cat&post=780"},{"taxonomy":"product_tag","embeddable":true,"href":"http:\/\/www.sislibilgisayarci.com\/index.php?rest_route=%2Fwp%2Fv2%2Fproduct_tag&post=780"}],"curies":[{"name":"wp","href":"https:\/\/api.w.org\/{rel}","templated":true}]}}