{"id":100,"date":"2017-01-07T08:56:43","date_gmt":"2017-01-07T08:56:43","guid":{"rendered":"https:\/\/www.sislibilgisayarci.com\/?post_type=product&#038;p=100"},"modified":"2024-04-06T09:14:56","modified_gmt":"2024-04-06T09:14:56","slug":"pci-to-iee1394-firewire-kamera-baglantisi","status":"publish","type":"product","link":"https:\/\/www.sislibilgisayarci.com\/?product=pci-to-iee1394-firewire-kamera-baglantisi","title":{"rendered":"PCI TO IEE1394 FIREWIRE KAMERA BA\u011eLANTISI"},"content":{"rendered":"<p>S-Link SL-P131 PCI IEEE 1394 3+1 Firewire Card<\/p>\n<p>B\u0130LG\u0130SAYARA KAMERA BA\u011eLANTI KARTI<\/p>\n<p>2 AD. FIREWIRE, 1 AD. MINI FIREWIRE<\/p>\n<p>1 AD. \u0130\u00c7 BA\u011eLANTI FIREWIRE MEVCUTTUR.<\/p>\n","protected":false},"excerpt":{"rendered":"<p>S-Link SL-P131 PCI IEEE 1394 3+1 Firewire Card B\u0130LG\u0130SAYARA KAMERA BA\u011eLANTI KARTI 2 AD. FIREWIRE, 1 AD. MINI FIREWIRE 1 AD. \u0130\u00c7 BA\u011eLANTI FIREWIRE MEVCUTTUR.<\/p>\n","protected":false},"featured_media":101,"template":"","meta":[],"product_cat":[24],"product_tag":[65,63,62,64,60,61],"_links":{"self":[{"href":"https:\/\/www.sislibilgisayarci.com\/index.php?rest_route=\/wp\/v2\/product\/100"}],"collection":[{"href":"https:\/\/www.sislibilgisayarci.com\/index.php?rest_route=\/wp\/v2\/product"}],"about":[{"href":"https:\/\/www.sislibilgisayarci.com\/index.php?rest_route=\/wp\/v2\/types\/product"}],"wp:featuredmedia":[{"embeddable":true,"href":"https:\/\/www.sislibilgisayarci.com\/index.php?rest_route=\/wp\/v2\/media\/101"}],"wp:attachment":[{"href":"https:\/\/www.sislibilgisayarci.com\/index.php?rest_route=%2Fwp%2Fv2%2Fmedia&parent=100"}],"wp:term":[{"taxonomy":"product_cat","embeddable":true,"href":"https:\/\/www.sislibilgisayarci.com\/index.php?rest_route=%2Fwp%2Fv2%2Fproduct_cat&post=100"},{"taxonomy":"product_tag","embeddable":true,"href":"https:\/\/www.sislibilgisayarci.com\/index.php?rest_route=%2Fwp%2Fv2%2Fproduct_tag&post=100"}],"curies":[{"name":"wp","href":"https:\/\/api.w.org\/{rel}","templated":true}]}}