{"id":223,"date":"2017-01-14T06:59:57","date_gmt":"2017-01-14T06:59:57","guid":{"rendered":"https:\/\/www.sislibilgisayarci.com\/?post_type=product&#038;p=223"},"modified":"2024-04-06T09:14:54","modified_gmt":"2024-04-06T09:14:54","slug":"seagate-100513491-rev-b-laptop-harddisk-karti","status":"publish","type":"product","link":"https:\/\/www.sislibilgisayarci.com\/?product=seagate-100513491-rev-b-laptop-harddisk-karti","title":{"rendered":"Seagate 100513491 REV B PCB Laptop Harddisk Kart\u0131"},"content":{"rendered":"<p>\u00dcr\u00fcn ikinci eldir.<\/p>\n<p>Kargo m\u00fc\u015fteriye aittir.<\/p>\n<p>Seagate ST9160310AS 160GB<\/p>\n","protected":false},"excerpt":{"rendered":"<p>\u00dcr\u00fcn ikinci eldir. Kargo m\u00fc\u015fteriye aittir. Seagate ST9160310AS 160GB<\/p>\n","protected":false},"featured_media":225,"template":"","meta":[],"product_cat":[36],"product_tag":[116,119,118,117,115],"_links":{"self":[{"href":"https:\/\/www.sislibilgisayarci.com\/index.php?rest_route=\/wp\/v2\/product\/223"}],"collection":[{"href":"https:\/\/www.sislibilgisayarci.com\/index.php?rest_route=\/wp\/v2\/product"}],"about":[{"href":"https:\/\/www.sislibilgisayarci.com\/index.php?rest_route=\/wp\/v2\/types\/product"}],"wp:featuredmedia":[{"embeddable":true,"href":"https:\/\/www.sislibilgisayarci.com\/index.php?rest_route=\/wp\/v2\/media\/225"}],"wp:attachment":[{"href":"https:\/\/www.sislibilgisayarci.com\/index.php?rest_route=%2Fwp%2Fv2%2Fmedia&parent=223"}],"wp:term":[{"taxonomy":"product_cat","embeddable":true,"href":"https:\/\/www.sislibilgisayarci.com\/index.php?rest_route=%2Fwp%2Fv2%2Fproduct_cat&post=223"},{"taxonomy":"product_tag","embeddable":true,"href":"https:\/\/www.sislibilgisayarci.com\/index.php?rest_route=%2Fwp%2Fv2%2Fproduct_tag&post=223"}],"curies":[{"name":"wp","href":"https:\/\/api.w.org\/{rel}","templated":true}]}}