{"id":3315,"date":"2023-10-25T10:07:14","date_gmt":"2023-10-25T10:07:14","guid":{"rendered":"https:\/\/www.sislibilgisayarci.com\/?post_type=product&#038;p=3315"},"modified":"2024-09-12T13:52:23","modified_gmt":"2024-09-12T13:52:23","slug":"asus-x550l-sag-sol-mentese-ver-1","status":"publish","type":"product","link":"https:\/\/www.sislibilgisayarci.com\/?product=asus-x550l-sag-sol-mentese-ver-1","title":{"rendered":"ASUS X550L Sa\u011f &#8211; Sol Mente\u015fe Ver. 1"},"content":{"rendered":"<p>\u00dcr\u00fcn resmi temsilidir.<\/p>\n<p>Kargo \u00fccreti m\u00fc\u015fteriye aittir<\/p>\n<p>\u00dcr\u00fcn ikinci eldir.<\/p>\n","protected":false},"excerpt":{"rendered":"<p>\u00dcr\u00fcn resmi temsilidir. Kargo \u00fccreti m\u00fc\u015fteriye aittir \u00dcr\u00fcn ikinci eldir.<\/p>\n","protected":false},"featured_media":3319,"template":"","meta":[],"product_cat":[43],"product_tag":[2006],"_links":{"self":[{"href":"https:\/\/www.sislibilgisayarci.com\/index.php?rest_route=\/wp\/v2\/product\/3315"}],"collection":[{"href":"https:\/\/www.sislibilgisayarci.com\/index.php?rest_route=\/wp\/v2\/product"}],"about":[{"href":"https:\/\/www.sislibilgisayarci.com\/index.php?rest_route=\/wp\/v2\/types\/product"}],"wp:featuredmedia":[{"embeddable":true,"href":"https:\/\/www.sislibilgisayarci.com\/index.php?rest_route=\/wp\/v2\/media\/3319"}],"wp:attachment":[{"href":"https:\/\/www.sislibilgisayarci.com\/index.php?rest_route=%2Fwp%2Fv2%2Fmedia&parent=3315"}],"wp:term":[{"taxonomy":"product_cat","embeddable":true,"href":"https:\/\/www.sislibilgisayarci.com\/index.php?rest_route=%2Fwp%2Fv2%2Fproduct_cat&post=3315"},{"taxonomy":"product_tag","embeddable":true,"href":"https:\/\/www.sislibilgisayarci.com\/index.php?rest_route=%2Fwp%2Fv2%2Fproduct_tag&post=3315"}],"curies":[{"name":"wp","href":"https:\/\/api.w.org\/{rel}","templated":true}]}}