{"id":3379,"date":"2024-02-29T08:54:34","date_gmt":"2024-02-29T08:54:34","guid":{"rendered":"https:\/\/www.sislibilgisayarci.com\/?post_type=product&#038;p=3379"},"modified":"2024-04-06T09:12:52","modified_gmt":"2024-04-06T09:12:52","slug":"hp-15-ac005nt-laptop-m7w86ea-retro-pk131023a21-klavye-hpm14p1","status":"publish","type":"product","link":"https:\/\/www.sislibilgisayarci.com\/?product=hp-15-ac005nt-laptop-m7w86ea-retro-pk131023a21-klavye-hpm14p1","title":{"rendered":"HP 15-ac005nt Laptop (M7W86Ea) Retro PK131023A21 Klavye HPM14P1"},"content":{"rendered":"<p>Par\u00e7ada hi\u00e7bir k\u0131r\u0131k eksik yoktur.<\/p>\n<p>&nbsp;<\/p>\n<p>&nbsp;<\/p>\n<p>\u00dcr\u00fcn 2. eldir.<\/p>\n<p>G\u00f6rsel temsilidir.<\/p>\n<p>Kargo \u00fccreti \u00fcr\u00fcn\u00fcn hacmine g\u00f6re de\u011fi\u015fmekle birlikte, m\u00fc\u015fteriye aitti.<\/p>\n","protected":false},"excerpt":{"rendered":"<p>Par\u00e7ada hi\u00e7bir k\u0131r\u0131k eksik yoktur. &nbsp; &nbsp; \u00dcr\u00fcn 2. eldir. G\u00f6rsel temsilidir. Kargo \u00fccreti \u00fcr\u00fcn\u00fcn hacmine g\u00f6re de\u011fi\u015fmekle birlikte, m\u00fc\u015fteriye aitti.<\/p>\n","protected":false},"featured_media":3380,"template":"","meta":[],"product_cat":[48],"product_tag":[2041],"_links":{"self":[{"href":"https:\/\/www.sislibilgisayarci.com\/index.php?rest_route=\/wp\/v2\/product\/3379"}],"collection":[{"href":"https:\/\/www.sislibilgisayarci.com\/index.php?rest_route=\/wp\/v2\/product"}],"about":[{"href":"https:\/\/www.sislibilgisayarci.com\/index.php?rest_route=\/wp\/v2\/types\/product"}],"wp:featuredmedia":[{"embeddable":true,"href":"https:\/\/www.sislibilgisayarci.com\/index.php?rest_route=\/wp\/v2\/media\/3380"}],"wp:attachment":[{"href":"https:\/\/www.sislibilgisayarci.com\/index.php?rest_route=%2Fwp%2Fv2%2Fmedia&parent=3379"}],"wp:term":[{"taxonomy":"product_cat","embeddable":true,"href":"https:\/\/www.sislibilgisayarci.com\/index.php?rest_route=%2Fwp%2Fv2%2Fproduct_cat&post=3379"},{"taxonomy":"product_tag","embeddable":true,"href":"https:\/\/www.sislibilgisayarci.com\/index.php?rest_route=%2Fwp%2Fv2%2Fproduct_tag&post=3379"}],"curies":[{"name":"wp","href":"https:\/\/api.w.org\/{rel}","templated":true}]}}