{"id":3431,"date":"2024-04-06T10:52:32","date_gmt":"2024-04-06T10:52:32","guid":{"rendered":"https:\/\/www.sislibilgisayarci.com\/?post_type=product&#038;p=3431"},"modified":"2025-12-16T15:12:54","modified_gmt":"2025-12-16T15:12:54","slug":"lenovo-ideapad-510-15isk-80sr-lcd-ekran-data-flex-kablosu","status":"publish","type":"product","link":"https:\/\/www.sislibilgisayarci.com\/?product=lenovo-ideapad-510-15isk-80sr-lcd-ekran-data-flex-kablosu","title":{"rendered":"Lenovo ideaPad 510-15ISK 80SR Lcd &#8211; Ekran Data Flex Kablosu"},"content":{"rendered":"<p>\u00dcr\u00fcn ikinci eldir.<\/p>\n<p>Sorunsuzdur.<\/p>\n<p>Kargo \u00fccreti m\u00fc\u015fteriye aittir.<\/p>\n<p>&nbsp;<\/p>\n<p>Resim temsilidir.<\/p>\n","protected":false},"excerpt":{"rendered":"<p>\u00dcr\u00fcn ikinci eldir. Sorunsuzdur. Kargo \u00fccreti m\u00fc\u015fteriye aittir. &nbsp; Resim temsilidir.<\/p>\n","protected":false},"featured_media":3432,"template":"","meta":[],"product_cat":[232],"product_tag":[2084],"_links":{"self":[{"href":"https:\/\/www.sislibilgisayarci.com\/index.php?rest_route=\/wp\/v2\/product\/3431"}],"collection":[{"href":"https:\/\/www.sislibilgisayarci.com\/index.php?rest_route=\/wp\/v2\/product"}],"about":[{"href":"https:\/\/www.sislibilgisayarci.com\/index.php?rest_route=\/wp\/v2\/types\/product"}],"wp:featuredmedia":[{"embeddable":true,"href":"https:\/\/www.sislibilgisayarci.com\/index.php?rest_route=\/wp\/v2\/media\/3432"}],"wp:attachment":[{"href":"https:\/\/www.sislibilgisayarci.com\/index.php?rest_route=%2Fwp%2Fv2%2Fmedia&parent=3431"}],"wp:term":[{"taxonomy":"product_cat","embeddable":true,"href":"https:\/\/www.sislibilgisayarci.com\/index.php?rest_route=%2Fwp%2Fv2%2Fproduct_cat&post=3431"},{"taxonomy":"product_tag","embeddable":true,"href":"https:\/\/www.sislibilgisayarci.com\/index.php?rest_route=%2Fwp%2Fv2%2Fproduct_tag&post=3431"}],"curies":[{"name":"wp","href":"https:\/\/api.w.org\/{rel}","templated":true}]}}