{"id":660,"date":"2017-02-11T09:11:33","date_gmt":"2017-02-11T09:11:33","guid":{"rendered":"https:\/\/www.sislibilgisayarci.com\/?product=dell-inspiron-e1505-power-button-board-da0fm1th6d0-rf050"},"modified":"2024-04-06T09:14:31","modified_gmt":"2024-04-06T09:14:31","slug":"dell-inspiron-e1505-power-button-board-da0fm1th6d0-rf050","status":"publish","type":"product","link":"https:\/\/www.sislibilgisayarci.com\/?product=dell-inspiron-e1505-power-button-board-da0fm1th6d0-rf050","title":{"rendered":"Dell Inspiron E1505 Power Button Board DA0FM1TH6D0 RF050"},"content":{"rendered":"<p>\u00dcr\u00fcn 2. eldir.<\/p>\n<p>Kargo \u00fccreti m\u00fc\u015fteriye aittir.<\/p>\n<p>UYUMLU MODELLER :\u00a0DELL 6400 , 1501 , 1505E<\/p>\n<p>&nbsp;<\/p>\n","protected":false},"excerpt":{"rendered":"<p>\u00dcr\u00fcn 2. eldir. Kargo \u00fccreti m\u00fc\u015fteriye aittir. UYUMLU MODELLER :\u00a0DELL 6400 , 1501 , 1505E &nbsp;<\/p>\n","protected":false},"featured_media":644,"template":"","meta":[],"product_cat":[36],"product_tag":[617,635,59,421,637,87,634,590,118,228,638],"_links":{"self":[{"href":"https:\/\/www.sislibilgisayarci.com\/index.php?rest_route=\/wp\/v2\/product\/660"}],"collection":[{"href":"https:\/\/www.sislibilgisayarci.com\/index.php?rest_route=\/wp\/v2\/product"}],"about":[{"href":"https:\/\/www.sislibilgisayarci.com\/index.php?rest_route=\/wp\/v2\/types\/product"}],"wp:featuredmedia":[{"embeddable":true,"href":"https:\/\/www.sislibilgisayarci.com\/index.php?rest_route=\/wp\/v2\/media\/644"}],"wp:attachment":[{"href":"https:\/\/www.sislibilgisayarci.com\/index.php?rest_route=%2Fwp%2Fv2%2Fmedia&parent=660"}],"wp:term":[{"taxonomy":"product_cat","embeddable":true,"href":"https:\/\/www.sislibilgisayarci.com\/index.php?rest_route=%2Fwp%2Fv2%2Fproduct_cat&post=660"},{"taxonomy":"product_tag","embeddable":true,"href":"https:\/\/www.sislibilgisayarci.com\/index.php?rest_route=%2Fwp%2Fv2%2Fproduct_tag&post=660"}],"curies":[{"name":"wp","href":"https:\/\/api.w.org\/{rel}","templated":true}]}}