{"id":806,"date":"2017-03-01T12:39:53","date_gmt":"2017-03-01T12:39:53","guid":{"rendered":"https:\/\/www.sislibilgisayarci.com\/?product=acer-aspire-3680-klavye-mp-04656d0-920-almanca-klavye"},"modified":"2024-04-06T09:14:21","modified_gmt":"2024-04-06T09:14:21","slug":"acer-aspire-3680-klavye-mp-04656d0-920-almanca-klavye","status":"publish","type":"product","link":"https:\/\/www.sislibilgisayarci.com\/?product=acer-aspire-3680-klavye-mp-04656d0-920-almanca-klavye","title":{"rendered":"Acer Aspire 3680 Klavye mp-04656d0-920, almanca klavye"},"content":{"rendered":"<p>\u00dcr\u00fcn ikinci eldir.<\/p>\n<p>Kargo m\u00fc\u015fteriye aittir.<\/p>\n<p>\u0130stendi\u011fi taktirde t\u00fcrk\u00e7e klavye etiketi verilebilir 20 TL<\/p>\n<p>&nbsp;<\/p>\n","protected":false},"excerpt":{"rendered":"<p>\u00dcr\u00fcn ikinci eldir. Kargo m\u00fc\u015fteriye aittir. \u0130stendi\u011fi taktirde t\u00fcrk\u00e7e klavye etiketi verilebilir 20 TL &nbsp;<\/p>\n","protected":false},"featured_media":807,"template":"","meta":[],"product_cat":[48],"product_tag":[772,771,770,769,508,52,775],"_links":{"self":[{"href":"https:\/\/www.sislibilgisayarci.com\/index.php?rest_route=\/wp\/v2\/product\/806"}],"collection":[{"href":"https:\/\/www.sislibilgisayarci.com\/index.php?rest_route=\/wp\/v2\/product"}],"about":[{"href":"https:\/\/www.sislibilgisayarci.com\/index.php?rest_route=\/wp\/v2\/types\/product"}],"wp:featuredmedia":[{"embeddable":true,"href":"https:\/\/www.sislibilgisayarci.com\/index.php?rest_route=\/wp\/v2\/media\/807"}],"wp:attachment":[{"href":"https:\/\/www.sislibilgisayarci.com\/index.php?rest_route=%2Fwp%2Fv2%2Fmedia&parent=806"}],"wp:term":[{"taxonomy":"product_cat","embeddable":true,"href":"https:\/\/www.sislibilgisayarci.com\/index.php?rest_route=%2Fwp%2Fv2%2Fproduct_cat&post=806"},{"taxonomy":"product_tag","embeddable":true,"href":"https:\/\/www.sislibilgisayarci.com\/index.php?rest_route=%2Fwp%2Fv2%2Fproduct_tag&post=806"}],"curies":[{"name":"wp","href":"https:\/\/api.w.org\/{rel}","templated":true}]}}