{"id":968,"date":"2017-03-16T12:22:49","date_gmt":"2017-03-16T12:22:49","guid":{"rendered":"https:\/\/www.sislibilgisayarci.com\/?product=asus-f80s-klavye-turkce-qv020462ck1-rev-r1-0-tr"},"modified":"2024-04-06T09:14:12","modified_gmt":"2024-04-06T09:14:12","slug":"asus-f80s-klavye-turkce-qv020462ck1-rev-r1-0-tr","status":"publish","type":"product","link":"https:\/\/www.sislibilgisayarci.com\/?product=asus-f80s-klavye-turkce-qv020462ck1-rev-r1-0-tr","title":{"rendered":"ASUS F80S Klavye T\u00fcrk\u00e7e QV020462CK1 Rev. R1.0 Tr"},"content":{"rendered":"<p>\u00dcr\u00fcn ikinci eldir.<\/p>\n<p>Kargo m\u00fc\u015fteriye aittir.<\/p>\n<p>&nbsp;<\/p>\n","protected":false},"excerpt":{"rendered":"<p>\u00dcr\u00fcn ikinci eldir. Kargo m\u00fc\u015fteriye aittir. &nbsp;<\/p>\n","protected":false},"featured_media":969,"template":"","meta":[],"product_cat":[48],"product_tag":[471,894,52,768,898,899,767,822],"_links":{"self":[{"href":"https:\/\/www.sislibilgisayarci.com\/index.php?rest_route=\/wp\/v2\/product\/968"}],"collection":[{"href":"https:\/\/www.sislibilgisayarci.com\/index.php?rest_route=\/wp\/v2\/product"}],"about":[{"href":"https:\/\/www.sislibilgisayarci.com\/index.php?rest_route=\/wp\/v2\/types\/product"}],"wp:featuredmedia":[{"embeddable":true,"href":"https:\/\/www.sislibilgisayarci.com\/index.php?rest_route=\/wp\/v2\/media\/969"}],"wp:attachment":[{"href":"https:\/\/www.sislibilgisayarci.com\/index.php?rest_route=%2Fwp%2Fv2%2Fmedia&parent=968"}],"wp:term":[{"taxonomy":"product_cat","embeddable":true,"href":"https:\/\/www.sislibilgisayarci.com\/index.php?rest_route=%2Fwp%2Fv2%2Fproduct_cat&post=968"},{"taxonomy":"product_tag","embeddable":true,"href":"https:\/\/www.sislibilgisayarci.com\/index.php?rest_route=%2Fwp%2Fv2%2Fproduct_tag&post=968"}],"curies":[{"name":"wp","href":"https:\/\/api.w.org\/{rel}","templated":true}]}}